{"id":213,"date":"2024-12-06T10:14:08","date_gmt":"2024-12-06T09:14:08","guid":{"rendered":"https:\/\/sylvieclergue-shiatsu.com\/?page_id=213"},"modified":"2024-12-06T15:16:23","modified_gmt":"2024-12-06T14:16:23","slug":"do-in","status":"publish","type":"page","link":"https:\/\/sylvieclergue-shiatsu.com\/index.php\/do-in\/","title":{"rendered":"Do In"},"content":{"rendered":"\n<p>Le Do In est \u00e9galement une pratique japonaise.<\/p>\n\n\n\n<p>Do en japonais (comme le Do de Budo, Judo\u2026) veut dire \u00ab&nbsp;voie&nbsp;\u00bb et In veut dire \u00ab&nbsp;\u00e9nergie \u00ab&nbsp;et aussi \u00ab&nbsp;\u00e9tirement&nbsp;\u00bb.<\/p>\n\n\n\n<p>C\u2019est un auto massage, une pratique personnelle qui nous permet de mettre nos corps en mouvements et de stimuler les grandes fonctions du corps que sont la respiration, la circulation et la digestion.<\/p>\n\n\n\n<p>La pratique r\u00e9guli\u00e8re de cette gestuelle faite de pressions, d\u2019empaumements, de lissage et de percussions nous permet, en toute autonomie, d&rsquo;am\u00e9liorer les fonctions de notre corps.<\/p>\n\n\n\n<p>Le Do In est un alli\u00e9 de choix pour r\u00e9activer notre dynamisme et soutenir la restauration nos capacit\u00e9s physiques.<\/p>\n\n\n\n<p>Tout comme le Shiatsu, le Do In est une approche holistique qui consid\u00e8re que le corps, l\u2019\u00e9motionnel et l\u2019esprit sont \u00e9troitement li\u00e9s.<\/p>\n\n\n\n<p>Exp\u00e9rimentez cette pratique au quotidien pour (re)d\u00e9couvrir votre potentiel !&nbsp;<\/p>\n\n\n\n<div class=\"wp-block-image is-style-default\"><figure class=\"aligncenter size-large is-resized\"><img loading=\"lazy\" src=\"https:\/\/sylvieclergue-shiatsu.com\/wp-content\/uploads\/2024\/12\/IMG_6098-768x1024.jpg\" alt=\"\" class=\"wp-image-229\" width=\"324\" height=\"432\" srcset=\"https:\/\/sylvieclergue-shiatsu.com\/wp-content\/uploads\/2024\/12\/IMG_6098-768x1024.jpg 768w, https:\/\/sylvieclergue-shiatsu.com\/wp-content\/uploads\/2024\/12\/IMG_6098-225x300.jpg 225w, https:\/\/sylvieclergue-shiatsu.com\/wp-content\/uploads\/2024\/12\/IMG_6098-1152x1536.jpg 1152w, https:\/\/sylvieclergue-shiatsu.com\/wp-content\/uploads\/2024\/12\/IMG_6098-1536x2048.jpg 1536w, https:\/\/sylvieclergue-shiatsu.com\/wp-content\/uploads\/2024\/12\/IMG_6098-scaled.jpg 1920w\" sizes=\"(max-width: 324px) 100vw, 324px\" \/><\/figure><\/div>\n\n\n\n<p style=\"font-size:11px\"><span style=\"color:#a38500\" class=\"has-inline-color\">Je recommande l&rsquo;ouvrage d&rsquo;Anne-B\u00e9atrice Leagues \u00ab\u00a0Do In, la voie de l&rsquo;\u00e9nergie\u00a0\u00bb<\/span><\/p>\n","protected":false},"excerpt":{"rendered":"<p>Le Do In est \u00e9galement une pratique japonaise. Do en japonais (comme le Do de Budo, Judo\u2026) veut dire \u00ab&nbsp;voie&nbsp;\u00bb et In veut dire \u00ab&nbsp;\u00e9nergie \u00ab&nbsp;et aussi \u00ab&nbsp;\u00e9tirement&nbsp;\u00bb. C\u2019est un auto massage, une pratique personnelle qui nous permet de mettre nos corps en mouvements et de stimuler les grandes fonctions du corps que sont la [&hellip;]<\/p>\n","protected":false},"author":1,"featured_media":0,"parent":0,"menu_order":0,"comment_status":"closed","ping_status":"closed","template":"page-more.php","meta":[],"_links":{"self":[{"href":"https:\/\/sylvieclergue-shiatsu.com\/index.php\/wp-json\/wp\/v2\/pages\/213"}],"collection":[{"href":"https:\/\/sylvieclergue-shiatsu.com\/index.php\/wp-json\/wp\/v2\/pages"}],"about":[{"href":"https:\/\/sylvieclergue-shiatsu.com\/index.php\/wp-json\/wp\/v2\/types\/page"}],"author":[{"embeddable":true,"href":"https:\/\/sylvieclergue-shiatsu.com\/index.php\/wp-json\/wp\/v2\/users\/1"}],"replies":[{"embeddable":true,"href":"https:\/\/sylvieclergue-shiatsu.com\/index.php\/wp-json\/wp\/v2\/comments?post=213"}],"version-history":[{"count":7,"href":"https:\/\/sylvieclergue-shiatsu.com\/index.php\/wp-json\/wp\/v2\/pages\/213\/revisions"}],"predecessor-version":[{"id":239,"href":"https:\/\/sylvieclergue-shiatsu.com\/index.php\/wp-json\/wp\/v2\/pages\/213\/revisions\/239"}],"wp:attachment":[{"href":"https:\/\/sylvieclergue-shiatsu.com\/index.php\/wp-json\/wp\/v2\/media?parent=213"}],"curies":[{"name":"wp","href":"https:\/\/api.w.org\/{rel}","templated":true}]}}