{"id":19,"date":"2020-08-12T09:47:16","date_gmt":"2020-08-12T07:47:16","guid":{"rendered":"http:\/\/localhost\/sylvie\/wordpress\/?page_id=19"},"modified":"2025-06-13T22:18:14","modified_gmt":"2025-06-13T20:18:14","slug":"informations-pratiques","status":"publish","type":"page","link":"https:\/\/sylvieclergue-shiatsu.com\/index.php\/informations-pratiques\/","title":{"rendered":"Informations Pratiques"},"content":{"rendered":"\n<h3 class=\"has-text-align-left\">Pour me joindre<\/h3>\n\n\n\n<p>Sylvie Clergue &#8211; Entreprise Individuelle<\/p>\n\n\n\n<p><a href=\"tel:+33698520231\">06.14.26.63.10<\/a><br><a href=\"mailto:sylvieclergue.contact@gmail.com\">sylvieclergue.contact@gmail.com<\/a><br><\/p>\n\n\n\n<p><\/p>\n\n\n\n<h3>Acc\u00e8s<\/h3>\n\n\n\n<div class=\"wp-block-columns\">\n<div class=\"wp-block-column\" style=\"flex-basis:100%\">\n<ul><li>\u00c0 Romainville, 12, <a href=\"https:\/\/www.google.fr\/maps\/place\/Rue+de+la+Montagne,+93230+Romainville\/@48.8856417,2.4288924,14.52z\/data=!4m5!3m4!1s0x47e66d228f385c1f:0x8227ce8283b3daeb!8m2!3d48.8867218!4d2.4380381\">rue de la montagne 93230<\/a> &#8211; M\u00e9tro Romainville Carnot<\/li><\/ul>\n<\/div>\n<\/div>\n\n\n\n<figure class=\"wp-block-image size-large is-resized\"><img loading=\"lazy\" src=\"https:\/\/sylvieclergue-shiatsu.com\/wp-content\/uploads\/2020\/09\/contact-icono2-2-1024x668.jpg\" alt=\"\" class=\"wp-image-57\" width=\"840\" height=\"547\" srcset=\"https:\/\/sylvieclergue-shiatsu.com\/wp-content\/uploads\/2020\/09\/contact-icono2-2-1024x668.jpg 1024w, https:\/\/sylvieclergue-shiatsu.com\/wp-content\/uploads\/2020\/09\/contact-icono2-2-300x196.jpg 300w, https:\/\/sylvieclergue-shiatsu.com\/wp-content\/uploads\/2020\/09\/contact-icono2-2-768x501.jpg 768w, https:\/\/sylvieclergue-shiatsu.com\/wp-content\/uploads\/2020\/09\/contact-icono2-2-1536x1002.jpg 1536w, https:\/\/sylvieclergue-shiatsu.com\/wp-content\/uploads\/2020\/09\/contact-icono2-2-2048x1336.jpg 2048w\" sizes=\"(max-width: 840px) 100vw, 840px\" \/><\/figure>\n\n\n\n<div class=\"wp-block-group\"><div class=\"wp-block-group__inner-container\">\n<p class=\"has-text-align-right has-text-color has-medium-font-size\" style=\"color:#98951e\">Vous \u00eates bienvenu.e.s.<\/p>\n<\/div><\/div>\n\n\n\n<h3>Les tarifs<\/h3>\n\n\n\n<p>S\u00e9ance de shiatsu sur tatami \/ 1 heure \/ 70 \u20ac<br>\u2022 Pour les moins de 25 ans \/ 1 heure \/ 60 \u20ac<br>Paiement par Esp\u00e8ces \/ Ch\u00e8que<\/p>\n\n\n\n<p>Forfait 3 s\u00e9ances, valable 1 mois, 180 \u20ac<\/p>\n\n\n\n<p>S\u00e9ances sur rendez-vous.<\/p>\n\n\n\n<p><br>Certaines mutuelles remboursent tout ou partie des s\u00e9ances de Shiatsu, renseignez-vous aupr\u00e8s de votre mutuelle.<\/p>\n\n\n\n<p><\/p>\n\n\n\n<p><\/p>\n\n\n\n<p><\/p>\n\n\n\n<p class=\"has-small-font-size\"><em>Conform\u00e9ment aux articles L.616-1 et R.616-1 du code de la consommation, en cas de litige, vous pouvez d\u00e9poser votre r\u00e9clamation sur le site : https:\/\/cnpm-mediation-consommation.eu ou par voie postale en \u00e9crivant \u00e0 CNPM &#8211; MEDIATION &#8211; CONSOMMATION 27, avenue de la lib\u00e9ration 42400 Saint-Chamond<\/em><\/p>\n\n\n\n<p><\/p>\n\n\n\n<h3><\/h3>\n\n\n\n<p><\/p>\n\n\n\n<p><\/p>\n\n\n\n<p><\/p>\n\n\n\n<h3>Merci \u00e0&nbsp;<\/h3>\n\n\n\n<div class=\"wp-block-columns has-2-columns\">\n<div class=\"wp-block-column\">\n<p>Clara Martin<br>graphiste <br><a href=\"http:\/\/www.clara-martin.fr\/\">clara-martin.fr<\/a><\/p>\n<\/div>\n\n\n\n<div class=\"wp-block-column\">\n<p>Basile Jesset <br>d\u00e9veloppeur <br><a href=\"https:\/\/basilejesset.com\/\">basilejesset.com<\/a><\/p>\n<\/div>\n<\/div>\n","protected":false},"excerpt":{"rendered":"<p>Pour me joindre Sylvie Clergue &#8211; Entreprise Individuelle 06.14.26.63.10sylvieclergue.contact@gmail.com Acc\u00e8s \u00c0 Romainville, 12, rue de la montagne 93230 &#8211; M\u00e9tro Romainville Carnot Vous \u00eates bienvenu.e.s. Les tarifs S\u00e9ance de shiatsu sur tatami \/ 1 heure \/ 70 \u20ac\u2022 Pour les moins de 25 ans \/ 1 heure \/ 60 \u20acPaiement par Esp\u00e8ces \/ Ch\u00e8que Forfait [&hellip;]<\/p>\n","protected":false},"author":2,"featured_media":0,"parent":0,"menu_order":0,"comment_status":"closed","ping_status":"closed","template":"page-info.php","meta":[],"_links":{"self":[{"href":"https:\/\/sylvieclergue-shiatsu.com\/index.php\/wp-json\/wp\/v2\/pages\/19"}],"collection":[{"href":"https:\/\/sylvieclergue-shiatsu.com\/index.php\/wp-json\/wp\/v2\/pages"}],"about":[{"href":"https:\/\/sylvieclergue-shiatsu.com\/index.php\/wp-json\/wp\/v2\/types\/page"}],"author":[{"embeddable":true,"href":"https:\/\/sylvieclergue-shiatsu.com\/index.php\/wp-json\/wp\/v2\/users\/2"}],"replies":[{"embeddable":true,"href":"https:\/\/sylvieclergue-shiatsu.com\/index.php\/wp-json\/wp\/v2\/comments?post=19"}],"version-history":[{"count":57,"href":"https:\/\/sylvieclergue-shiatsu.com\/index.php\/wp-json\/wp\/v2\/pages\/19\/revisions"}],"predecessor-version":[{"id":245,"href":"https:\/\/sylvieclergue-shiatsu.com\/index.php\/wp-json\/wp\/v2\/pages\/19\/revisions\/245"}],"wp:attachment":[{"href":"https:\/\/sylvieclergue-shiatsu.com\/index.php\/wp-json\/wp\/v2\/media?parent=19"}],"curies":[{"name":"wp","href":"https:\/\/api.w.org\/{rel}","templated":true}]}}